t g(v) = 4*v**2 - 625*v + 2634. Determine g(153).
645
Let g(n) = 19620*n - 510122. What is g(26)?
-2
Let h(k) = -13*k**2 - 241*k + 679. What is h(-21)?
7
Let s(t) = 22*t**2 + 272*t + 546. What is s(-10)?
26
Let i(v) = 131*v**2 + 635*v - 17. Determine i(-4).
-461
Let o(s) = 908*s - 106321. Calculate o(117).
-85
Let o(q) = q**3 - 48*q**2 - 443*q + 26161. Determine o(45).
151
Let o(a) = 67*a**2 - 678*a + 1986. What is o(3)?
555
Let v(d) = -4499*d + 72484. What is v(16)?
500
Let z(x) = x**3 + 60*x**2 - 13*x - 856. Calculate z(-60).
-76
Let g(z) = 2*z**2 + 187*z - 5908. Determine g(25).
17
Let k(m) = 41127*m + 658031. Give k(-16).
-1
Let k(p) = -4*p**2 - 539*p - 17821. What is k(-77)?
-34
Let r(y) = 223*y**2 + 258457*y - 8. What is r(-1159)?
-8
Let t(w) = 2*w**2 - 16544*w - 182215. Give t(-11).
11
Let s(b) = -b**3 + 638*b**2 + 1292*b - 7675. What is s(640)?
5
Let h(n) = 2*n**2 - 1304*n - 34123. Determine h(-25).
-273
Let u(l) = -12967*l + 22964545. Determine u(1771).
-12
Let a(s) = -14*s**2 + 3958*s - 2808. Determine a(282).
12
Let v(x) = 391*x - 266. Calculate v(1).
125
Let g(s) = 2*s**2 - 1809*s + 77448. What is g(45)?
93
Let o(c) = -14454*c - 72309. Give o(-5).
-39
Let n(d) = -121243*d + 1212423. Give n(10).
-7
Let m(f) = 1002*f + 35915. Determine m(-36).
-157
Let f(v) = -2*v**3 - 43*v**2 + 1035*v + 22084. Calculate f(-21).
-92
Let s(g) = 249*g**3 + 1716*g**2 - 12*g + 14. Give s(-7).
-1225
Let g(m) = m**2 - 50*m - 3107. Give g(-52).
2197
Let p(d) = 3342*d + 20068. Calculate p(-6).
16
Let c(l) = -l**3 - 21*l**2 + 13*l - 31. Give c(-24).
1385
Let p(c) = -1364*c + 702. Calculate p(2).
-2026
Let l(x) = 9*x**2 - 1045*x - 438. What is l(116)?
-554
Let d(r) = 2*r**3 + 4*r**2 + 274*r - 49. What is d(0)?
-49
Let t(x) = 2*x**2 + 195*x + 4957. Determine t(-22).
1635
Let s(a) = 1037*a + 4813. Calculate s(-5).
-372
Let r(x) = 4*x**2 - 95*x - 1263. Give r(-15).
1062
Let r(b) = b**2 + 2462*b + 1385818. Give r(-871).
57
Let a(b) = 6*b**2 - 35730*b + 783153. Determine a(22).
-3
Let g(p) = 2*p**3 + 503*p**2 - 2839*p - 3074. Give g(-257).
10
Let n(c) = 617*c - 1210. Calculate n(2).
24
Let w(l) = 1840*l + 1821. Calculate w(-1).
-19
Let u(n) = -159*n - 31813. What is u(-200)?
-13
Let m(u) = -2951*u + 109186. Give m(37).
-1
Let v(w) = -w**3 - 39*w**2 + 151*w + 711. Give v(-42).
-339
Let u(v) = 9794069*v - 58764416. Determine u(6).
-2
Let i(j) = -33*j**3 - 27*j**2 + 18*j + 36. Determine i(-2).
156
Let y(g) = 1415*g - 94815. Give y(67).
-10
Let j(p) = p**3 - 669*p**2 + 60584*p + 2243. Determine j(561).
-1
Let x(a) = -6*a**2 - 26*a - 75. What is x(15)?
-1815
Let g(u) = 1046*u + 10451. Calculate g(-10).
-9
Let c(z) = -60540*z - 665981. Calculate c(-11).
-41
Let o(y) = 2*y**2 + 69153*y - 2145667. Calculate o(31).
-2
Let p(i) = i**2 - 791*i + 28556. Calculate p(37).
658
Let c(z) = 2126*z - 127745. Calculate c(61).
1941
Let x(w) = -237*w + 1519. What is x(6)?
97
Let u(n) = 301*n**2 - 3030*n - 42. Calculate u(10).
-242
Let z(g) = 9863*g + 1262466. Give z(-128).
2
Let s(h) = h**2 + 94*h + 252. Determine s(-82).
-732
Let j(m) = -m**3 - 10*m**2 + 1149*m + 10079. Determine j(-9).
-343
Let z(h) = 5415*h - 514331. What is z(95)?
94
Let s(v) = 2*v**2 - 2877*v + 28547. Determine s(10).
-23
Let f(z) = 8617*z + 698075. What is f(-81)?
98
Let j(z) = z**3 + 692*z**2 + 4114*z - 1359. Calculate j(-686).
13
Let k(b) = -1248*b**2 + 23707*b + 105. Give k(19).
10
Let b(w) = -w**2 + 255*w - 12918. Give b(71).
146
Let y(t) = 15*t**3 + 3756*t**2 + 1500*t - 394. Calculate y(-250).
-394
Let x(p) = 973*p - 5054. Determine x(5).
-189
Let g(v) = -970*v - 6406. Determine g(-6).
-586
Let m(l) = -4408*l + 25002. Determine m(6).
-1446
Let k(w) = w**3 - 412*w**2 - 426*w + 5387. Calculate k(413).
18
Let r(h) = -224*h**2 - 34505*h - 1669. Give r(-154).
-283
Let b(l) = -l**2 + 227496*l + 1820046. Calculate b(-8).
14
Let m(z) = 3*z**3 - 8*z**2 + 51*z - 312. Calculate m(5).
118
Let n(a) = 3*a**3 + 160*a**2 - 676*a + 111. Give n(4).
159
Let f(y) = -y**3 - 25*y**2 + 165*y + 49. What is f(6)?
-77
Let s(g) = 3*g**3 - 74*g**2 - 74*g - 12169. What is s(30)?
11
Let d(f) = 495*f**3 + 2*f**2 - 134*f + 135. Calculate d(1).
498
Let g(a) = -2*a**3 - 105*a**2 + 160*a - 136. Calculate g(-54).
-28
Let h(w) = -8*w - 225. What is h(-27)?
-9
Let w(r) = -4804*r + 67293. Determine w(14).
37
Let v(z) = -6*z**3 + 39*z**2 - 85*z + 31. Give v(4).
-69
Let z(s) = -3443*s - 574810. What is z(-167)?
171
Let f(o) = -157827*o + 315680. What is f(2)?
26
Let x(i) = -2*i**2 + 49*i - 155. Calculate x(20).
25
Let i(u) = -152*u - 208. What is i(-11)?
1464
Let s(l) = -l**3 - 111*l**2 - 278*l + 124. Determine s(-3).
-14
Let p(c) = 3*c**3 - 430*c**2 + 155*c - 1326. Give p(143).
390
Let d(r) = r**2 - 61*r - 65. Determine d(57).
-293
Let o(a) = -7*a**2 - 673*a - 4076. Determine o(-6).
-290
Let y(a) = 162*a**3 - 6*a**2 + 5*a + 1. Calculate y(1).
162
Let j(q) = -3119*q + 18718. Give j(6).
4
Let z(u) = 158555*u - 158549. Give z(1).
6
Let o(n) = 11*n**3 - 287*n**2 + 632*n - 344. Give o(1).
12
Let f(v) = -v**2 + 13493*v - 1206267. Give f(90).
3
Let m(v) = -28*v**3 + 24*v**2 - 56*v + 11. What is m(2)?
-229
Let f(o) = 486*o + 32841. Calculate f(-67).
279
Let x(i) = -i**3 - 84*i**2 - 245*i + 276. Determine x(-81).
438
Let y(i) = -1028*i**2 - 31860*i + 1. Calculate y(-31).
-247
Let d(w) = 4432*w + 199432. Determine d(-45).
-8
Let g(o) = 14*o**2 - 122*o - 30. What is g(9)?
6
Let w(l) = -2*l**3 + 67*l**2 + 8235*l - 278828. Determine w(34).
6
Let f(w) = -2*w**3 - 5*w**2 + 437*w - 2010. Give f(6).
0
Let r(q) = q**3 - 1148*q**2 - 53694*q - 126. Give r(-45).
279
Let u(o) = 22633*o + 135812. Determine u(-6).
14
Let v(l) = -108*l**2 + 643*l + 854. What is v(7)?
63
Let i(h) = -709*h - 8526. Calculate i(-9).
-2145
Let d(j) = -167784*j - 5704658. Calculate d(-34).
-2
Let y(b) = -274*b - 40061. Give y(-150).
1039
Let y(d) = d**2 + 584*d - 22798. Give y(-622).
838
Let s(x) = 11179*x + 268302. Calculate s(-24).
6
Let g(l) = -416695*l - 416689. Calculate g(-1).
6
Let n(z) = 7*z**3 - 858*z**2 + 4128*z + 8. Calculate n(5).
73
Let k(y) = 3*y**2 - 177*y - 1792. What is k(-11)?
518
Let q(o) = -o**2 + 13518*o - 40523. Determine q(3).
22
Let v(z) = 36*z**2 + 58230*z - 87456. Give v(-1619).
-30
Let n(o) = -36778*o - 38837571. Calculate n(-1056).
-3
Let k(u) = -724*u - 19651. Determine k(-27).
-103
Let m(o) = -850*o - 2514. What is m(-1)?
-1664
Let m(d) = 5*d**3 - 110*d**2 + 722*d - 12955. Determine m(21).
2
Let g(y) = -62828*y + 125387. Calculate g(2).
-269
Let u(q) = 80642*q - 3306338. Give u(41).
-16
Let g(p) = -p**2 + 299*p - 6985. What is g(23)?
-637
Let j(d) = 110098*d - 990833. What is j(9)?
49
Let k(l) = -109*l + 5823. What is k(47)?
700
Let d(v) = 4*v**3 - 610*v**2 - 3777*v + 172. Calculate d(-6).
10
Let i(d) = -8*d**2 - 3*d - 121. Calculate i(-13).
-1434
Let u(o) = -79*o**2 - 406*o - 500. Give u(-3).
7
Let r(z) = z**2 - 412*z - 45623. Give r(-90).
-443
Let z(d) = -d**2 + 126*d - 503. What is z(86)?
2937
Let t(w) = 76*w**2 + 68*w - 4. What is t(5)?
2236
Let h(b) = 31868*b + 1529669. Calculate h(-48).
5
Let t(a) = 9*a**3 - 16*a**2 + 37*a - 34. Determine t(4).
434
Let o(j) = 2*j**3 - 27*j**2 - 525*j + 2089. Give o(23).
65
Let u(n) = -3583*n**3 + 14329*n**2 + 16*n - 24. Give u(4).
-8
Let m(i) = -i**3 - 181*i**2 - 708*i + 98. Calculate m(-177).
98
Let v(y) = -3*y**3 + 44*y**2 + 14*y - 629. Calculate v(13).
398
Let b(v) = -4*v**3 - 46*v**2 - 170*v - 111. Calculate b(-8).
353
Let a(q) = -q**3 + 92*q**2 - 1755*q + 116. Give a(66).
-2458
Let i(u) = 3541*u + 7065. Determine i(-2).
-17
Let t(w) = -1145*w**2 + 125949*w + 158. Calculate t(110).
48
Let m(x) = -64863*x + 2983713. What is m(46)?
15
Let s(z) = -8*z**3 - 127*z**2 + 8*z - 124. Give s(-16).
4
Let z(b) = 17791*b - 17391. Give z(1).
400
Let v(a) = 9*a**3 + 148*a**2 - 128*a - 750. Determine v(-17).
-19
Let y(x) = -x**3 - 26*x**2 - 167*x - 222. What is y(-7)?
16
Let p(d) = -d**3 + 31*d**2 + 5327*d + 12101. What is p(91)?
-2
Let l(b) = b**3 + 44*b**2 + 440*b + 37. Give l(-24).
997
Let v(i) = -120*i**2 + 446*i - 106. Calculate v(3).
152
Let w(j) = 3385*j + 28159. Calculate w(-9).
-2306
Let v(c) = 2*c**3 - 13*c**2 - 66*c - 237. Give v(13).
1102
Let k(y) = 71*y + 7554. Determine k(-96).
738
Let d(h) = 4*h**2 - 698*h + 4144. Give